/6 - m**2/2 - m. Let w(n) be the first derivative of b(n). What is w(3)?
-2
Let u = 7 - 5. Let p(o) = -2*o**2 - 8*o - 5. Let k(r) = -3*r**2 - 9*r - 6. Let m(b) = -5*k(b) + 6*p(b). Calculate m(u).
6
Let s(z) = z**3 - 5*z**2 - 3*z - 8. Let o(u) = 7*u**3 + u - 2. Let j be o(1). Give s(j).
10
Let u be (1*15/3)/1. Suppose 2*r = -4*m + 5 + 5, -17 = -5*m + 2*r. Suppose 0*s = u*s - 4*o - 3, m*o + 3 = 3*s. Let j(g) = -2*g**2 + 1. Give j(s).
-1
Let w(g) = g + 5. Let i(v) = v + 6. Let z(l) = -2*i(l) + 3*w(l). Let u(m) = m. Let o be u(3). Suppose 5*r + 23 = -o*n, 4*r = -n + 4*n + 14. Give z(n).
-3
Let n(k) = -4*k**2 - 3*k + 5 - k**2 + 3*k**2 + k**2. Let l(s) = -37*s - 1. Let o be l(-1). Let b be (-6)/o + 58/(-12). Give n(b).
-5
Suppose -4 = -0*y - 4*y. Let q(g) = 3*g + 3. Let a(p) be the second derivative of -p**3/6 - 5*p. Let x(z) = y*q(z) + 2*a(z). Calculate x(-4).
-1
Let o be (3/2)/(1/2). Let r(m) = 1910*m**2 - 1908*m**2 + m - m**3 + 3*m. Calculate r(o).
3
Let q(r) be the second derivative of -r**5/60 + r**4/24 + 2*r**3/3 + r**2/2 + 4*r. Let u(p) be the first derivative of q(p). Give u(-3).
-8
Let z(s) = -6*s**3 - s**2 + s + 2. Let g(m) = -m**3 - m**2. Let h(t) = 3*g(t) - z(t). What is h(2)?
12
Let z(m) = m**3 + 6*m**2 - 9*m - 5. Let j(l) = l**2 - l + 1. Let o(u) = 2*j(u) - z(u). What is o(-5)?
-3
Let d(r) = 5*r - 2*r**2 + r**2 - 6*r - 5*r**3. Suppose -4*w = 3*z + 3, -2*z + 5*w + 0*w - 2 = 0. Give d(z).
5
Suppose -9 = -l + 2*m, 5*l + 0*m + 4*m = -11. Let x(g) = g**2 + 7*g + 6. Let c(b) = b**2 + 8*b + 7. Let r(v) = -6*c(v) + 7*x(v). Give r(l).
2
Let m(c) = 2*c**2 + 24*c + 6. Let b be m(-12). Let w(o) = -o + 5. Determine w(b).
-1
Let u(f) be the second derivative of 1/60*f**5 + 2*f + 0*f**4 - 2/3*f**3 - f**2 + 0. Let h(x) be the first derivative of u(x). Give h(0).
-4
Let t(d) = d. Let s(c) = 20*c**2 + 6*c + 1. Let v(a) = s(a) - 4*t(a). Give v(-1).
19
Let t(d) = -2*d + 2. Let p(g) = 5*g**2 + 2*g + 1. Let x be p(-1). Let z = x - 1. Let o be 0/(-4) - (-6)/z. Calculate t(o).
-2
Let p(l) = -l**2 - 7*l + 8*l**2 + 7*l. Calculate p(1).
7
Suppose -4*n + 19 = 3*o, -3*n + 0 = -3. Let i(f) be the first derivative of f**2/2 - 4*f - 2. What is i(o)?
1
Let c(z) = -z + 7. Let b be 1 + 7 + 2*(3 + -1). Determine c(b).
-5
Let a(c) be the first derivative of 11*c**4/4 + 19*c**3/3 - 3*c**2/2 - 11*c + 1. Let s(f) = 5*f**3 + 9*f**2 - f - 5. Let p(l) = -6*a(l) + 13*s(l). Give p(4).
5
Let o(x) be the third derivative of 1/4*x**4 + 0 + 7*x**2 + 0*x - 1/3*x**3. What is o(-2)?
-14
Let a(t) = t**3 - t. Suppose -2 = -b + 1. Suppose 4*y - 3*n = 3, b*n + n + 4 = y. What is a(y)?
0
Let p(a) = -a**3 + 5*a**2 + 7*a - 9. Suppose 65 = 20*j - 55. Give p(j).
-3
Let y(v) be the third derivative of -v**4/24 - v**3 - 16*v**2. Give y(-8).
2
Let y(j) = j**3 - 5*j**2 - 4*j - 4. Let p be (4 - 3 - -19) + 0. Suppose -3*b + 4*b = p. Let d be (-46)/(-8) - (-5)/b. Determine y(d).
8
Suppose -w - 10 = 4*w. Let l(s) = 7*s - 4. Let n(x) = 8*x - 5. Let r(g) = -7*l(g) + 6*n(g). Give r(w).
0
Let b(t) = -t - 8. Let d(x) = x + 4. Let q = 14 + -18. Let f be d(q). Calculate b(f).
-8
Let h(f) be the first derivative of f**2 + 2*f - 4. Let y = -8 - -10. Let g = y - 4. Determine h(g).
-2
Let z(y) = -y + 7. Suppose -46 + 11 = 5*f. Determine z(f).
14
Let z(t) be the first derivative of t**2 + 8*t - 42. Let y(w) = w**3 - 4*w**2 + 3. Let j be y(3). Calculate z(j).
-4
Let o be 3*-2*(-3)/9. Suppose 4*b - 40 = -5*n, o*n + 2*b - 16 = -0*b. Let a(i) = -i**2 + 7*i + 7. Let u be a(n). Let j(t) = -5*t**2. Determine j(u).
-5
Let m = -61 + 54. Let j(k) = -k + 8. Determine j(m).
15
Let g(p) = -2*p**3 - 4*p**2 - 4*p - 2. Let r be g(-2). Let t = r - 3. Let q(d) = -d + 2. Give q(t).
-1
Let q(y) = y. Let i(w) = 7*w + 2. Let m(p) = -i(p) + 6*q(p). Let g(f) = -f**3 - 5*f**2 + 7*f + 1. Let o be g(-6). Determine m(o).
3
Let y = 0 + -5. Let q(a) = 12*a + 53. Let r(c) = -3*c - 13. Let s(u) = -2*q(u) - 9*r(u). Let b(k) = -k - 6. Let z(p) = y*b(p) - 3*s(p). Determine z(-2).
5
Let c(l) = -l + 2. Let m be 15/4 + (-1)/(-4). What is c(m)?
-2
Let f be -2*3*(-10)/(-12). Let h(c) = -c**3 - 6*c**2 + 6. Determine h(f).
-19
Let p(r) = r**3 - 4*r**2 + 1. Suppose 6*x - 3 - 15 = 0. Calculate p(x).
-8
Let p(f) = -f**3 + 5*f**2 + 7*f - 5. Let i be p(6). Let g(z) = 4*z**2 - 6*z - 5. Let l(t) = -t**2 + t + 1. Let y(h) = g(h) + 5*l(h). Calculate y(i).
-2
Let j(b) = -b**3 + 11*b**2 - 9*b - 8. Let c be j(10). Let r(p) = -2*p**2 + 1 - 1 + 2 + 2*p**3. What is r(c)?
10
Let o(r) = r**2 + r - 9. Let x be ((-3)/(-2) + -1)*-2. Let y be (x - 1) + (-2 - -4). Determine o(y).
-9
Suppose 0 = 3*l - 3 - 0. Let i(r) = 3 + 3*r + r**2 - l + 4*r. Determine i(-6).
-4
Let l(v) = 3*v**2 - 2*v + 1. Suppose 0*k + 4*k = 32. Suppose -2*t = 2*t - k. Determine l(t).
9
Let y(f) = f**3 - 3*f**2 - 3*f + 1. Let l = -17 - -24. Suppose -4*j = j + 3*i - 9, 5*j = -4*i + l. Determine y(j).
-8
Let p(i) be the third derivative of -i**2 - 1/15*i**5 + 0 + 0*i + 1/12*i**4 - 1/6*i**3 - 1/120*i**6. Determine p(-4).
-9
Suppose -j - 2 = 2*k, 0*j + 3 = 3*j - 3*k. Let q(d) be the third derivative of -1/120*d**6 - 1/8*d**4 + d**2 + 0*d + j + 1/15*d**5 - 2/3*d**3. Determine q(3).
-4
Suppose i - 61 - 4 = -5*l, 0 = -2*l - 3*i + 13. Let r = -11 + l. Let k(b) be the second derivative of b**3/2 - b. Give k(r).
9
Let a be (4/18)/(18/162). Let y(w) = 3*w. Give y(a).
6
Let d(c) = c + 2. Let h be (1/2)/((-12)/(-72)). What is d(h)?
5
Let j(v) = v**2 + v. Let d be j(-2). Suppose 3*y = -d*y. Let q(i) = i - 9. What is q(y)?
-9
Let h(j) = 3*j + 1. Suppose 5*m - 9 - 31 = 0. Let w = m - 6. Suppose -1 = -w*k + 3*k. Give h(k).
-2
Suppose -13*c + 18*c + 10 = 0. Let y(t) = 3*t. Determine y(c).
-6
Let i = -33 + 28. Let o(t) = -t + 2. What is o(i)?
7
Let z(g) = 5*g**3 + g**2. Let u(c) = -c + 12. Let w be u(10). Suppose 3 = o + 2. Suppose -o = -3*m + w*m. Determine z(m).
6
Let n(q) = -q - 11. Let x(y) = y - 15. Let r be x(9). Determine n(r).
-5
Suppose 0 = -5*j - p + 5, 4*j + j - 5 = p. Let t be j*((-6)/(-2))/1. Let g(w) = t*w**2 - 3 - 4*w**2 + 2. Give g(1).
-2
Suppose 3*m = 3*r - 4*r + 8, 2*m - 12 = -2*r. Let f(c) = -16 - c - 3*c + 3*c + 11. Give f(r).
-10
Let y(d) = 9*d**3 - 1. Suppose 3*i - 6 + 51 = 0. Let l be (-6)/i - 6/(-10). Determine y(l).
8
Let k(z) = 5*z - 2 + 1 + 1. Let c be k(1). Let d(a) = a - 5. What is d(c)?
0
Let h(w) = 9*w**3 + w**2 + 2*w + 1. Let i be (-2)/2 + 4 + -4. Determine h(i).
-9
Suppose 2*h = -3*h - 20. Let y = h + 6. Let p(f) = -f**3 + f**2 + 2*f - 3. Calculate p(y).
-3
Let r be 0*(0 - 3/6). Suppose 3*y - 2 - 4 = r. Let j be (-4)/y - (0 + 1). Let z(l) = l**2 + 5*l + 4. Determine z(j).
-2
Let b(h) = 3*h**2 - 12. Let f(d) = -16*d**2 + 61. Let i(p) = -11*b(p) - 2*f(p). Determine i(0).
10
Let q(m) be the third derivative of 1/2*m**3 + 5*m**2 + 0*m + 1/6*m**4 + 0. Determine q(-3).
-9
Let f(w) = -w**2 + 5*w - 4. Let p = 22 + -17. Give f(p).
-4
Suppose 0 = -2*k + 5*l - 5, -4*k + l = 2*l - 23. Let a(f) = 0*f + 6 - 5*f - k*f**2 + 4*f**2. Calculate a(-6).
0
Suppose -3*l + 3*u + 2*u = 0, -2*u = 0. Let h(y) = -4*y + l + 2 - 2*y + 5*y. What is h(-6)?
8
Let n be (-2)/(-10) + (-58)/(-10). Let u(x) = x**2 - 7*x + 6. Let t(j) = 5*j**2 - 36*j + 31. Let w(q) = -2*t(q) + 11*u(q). What is w(n)?
10
Let v(p) be the third derivative of -p**4/24 - p**3/3 - 2*p**2. Let n = -43 + 48. Give v(n).
-7
Let i = -75 - -76. Let o(m) = m**3 + 2*m**2 - 2*m + 1. Calculate o(i).
2
Let y(c) be the second derivative of c**7/840 - c**6/60 + c**5/20 - 7*c**4/24 - c**3/2 + 2*c. Let s(t) be the second derivative of y(t). What is s(5)?
-2
Let q(i) be the first derivative of -i**4/6 - i**3/3 - i**2 - 1. Let p(r) be the second derivative of q(r). What is p(-3)?
10
Let o(q) = -2*q**3 + 4*q**2 + 6*q - 2. Let a(l) = 2*l**3 - 3*l**2 - 5*l + 2. Let b(z) = -6*a(z) - 5*o(z). Calculate b(-2).
6
Let b = 4 + 7. Let u = b + -10. Let m(w) = -u - 4*w**2 - w + 2 + w. Calculate m(1).
-3
Let x be (3 - 1) + 1 + -1. Let g(b) = 0 + x - 2*b + b + 0. Let j be 2/((-10)/6 - -2). Calculate g(j).
-4
Let n(h) = 0*h - 2*h + 5*h - 2*h + 6. Let y(j) = 2*j + 12. Let x(o) = 9*n(o) - 4*y(o). Calculate x(-4).
2
Let a(r) = r**3 + 6*r**2 + 6*r + 1. Let f = 15 - 20. Determine a(f).
-4
Let n(p) be the first derivative of 0*p**2 + 1/60*p**5 + 0*p - 1/3*p**3 - 1/24*p**4 - 1. Let l(j) be 